n). Give a(1).
-2
Let i(f) be the third derivative of -f**6/120 + f**5/10 + f**4/3 - 2*f**3/3 - 3*f**2. Let s be i(7). Let w(u) = -2*u**2 + 5*u - 3. What is w(s)?
-6
Let w(h) = h**2 + 0*h**2 - h + 3 - 5 - 1. Calculate w(-3).
9
Let t be (-4 - (-15)/12*6)*2. Let g(q) = q**2 - 5*q - 2. Give g(t).
12
Let p(f) = -2*f**2 + 2*f**2 - f**3 - f + 2. Let b = 42 + -42. Calculate p(b).
2
Suppose -3*n = -n - 2. Let r(w) = n + 0 - 3*w + 0*w. Suppose 4*z - 4*q - 4 = 8*z, 3*q = 0. Give r(z).
4
Suppose a = 18 - 7. Suppose -n = 13 - a. Let w(b) = -4*b - 2. Give w(n).
6
Let p(v) = v - 6. Let k(b) = -b**3 - 5*b**2 + 7*b + 8. Let h be k(-6). Suppose -6 = -h*c + c. Determine p(c).
0
Let x(t) = t - 4. Let q be x(5). Let z(b) = -9*b**2 - 2*b + 1. Determine z(q).
-10
Let l(o) = -o**3 + 4*o**2 + 7*o - 7. Let r(x) = -x - 4. Let h be r(-6). Let i be 36/8 - h/(-4). Give l(i).
3
Let c(n) be the second derivative of -n**5/20 + n**4/12 - n**3/3 + n**2 + 3*n. Calculate c(2).
-6
Let c be 1196/286 + 2/(-11). Let w(r) = 2*r**2 - 4*r + 1. Calculate w(c).
17
Let p(u) = u**2 + 4*u + 4. Let t be p(-4). Suppose -3*x + 2*n = -14, 3*x + 2*x + t*n = 16. Let g(q) = 5 - 6 + 3*q - x*q. Give g(1).
-2
Suppose 1 = -5*n + 6*n. Let a(u) = -6*u + 2*u + u - n. Suppose -2*h = 2*h + 4. Determine a(h).
2
Let f(n) = -n**2 - 3*n + 12. Let j be f(-6). Let z(s) = -s + 2. Calculate z(j).
8
Let q(h) = -h**2 - h + 7. Let f = 17 + -12. Suppose 0 = -f*g - 4*m - 1 + 5, 3*g - 1 = -m. Calculate q(g).
7
Let h(r) = -r - 7. Let z be h(-7). Let k(i) = -i + 5. Calculate k(z).
5
Suppose -5*b - 14 - 8 = -3*f, 5*b + 10 = 0. Let z(o) = 0 - 3 + o - f + 0. Calculate z(0).
-7
Let s = 12 - 6. Suppose 3*g + 15 = 3*z, 3*z + s*g - 15 = 2*g. Let k be ((-2)/z)/((-4)/40). Let f(y) = -y**2 + 2*y + 5. Calculate f(k).
-3
Let l be -5 + 1 + (3 - 2). Let o(h) = 2*h + 1. Let n(x) = 4*x + 3. Suppose 3 + 0 = b. Let p(y) = b*n(y) - 5*o(y). What is p(l)?
-2
Let m(s) = s**3 - 4*s**2 - 6*s + 4. Suppose 2*f + 20 = 6*f. Give m(f).
-1
Let p = -16 + 10. Let k be (-4)/(-6) + 28/p. Let a(h) = h**3 + 5*h**2 + 2*h + 3. Determine a(k).
11
Let a be (-2)/(-10) - 8/(-10). Let m(c) = 4*c - 5. Let h(l) = 5*l - 6. Let w(r) = -3*h(r) + 4*m(r). Give w(a).
-1
Let m(s) be the second derivative of -2*s - 1/6*s**3 + 1/2*s**2 + 7/20*s**5 + 0*s**4 + 0. Calculate m(1).
7
Let z = -2 + 9. Suppose 0 = 2*r - 5*x + 17 + z, -5*r - 3*x = -2. Let p(l) = -2*l - 5*l**2 + 3*l**2 - l - l**3. What is p(r)?
6
Let i(r) = -r**3 - 2*r**2 + r. Let x = 4 - 1. Suppose -5*h = 18 - x. Give i(h).
6
Let o(q) = 4*q - 15. Let f(t) = t - 10. Let j be f(7). Let s(y) = 7*y - 29. Let v(b) = j*s(b) + 5*o(b). Give v(5).
7
Let v(s) = -s**3 - 6*s**2 + 2. Let g be v(-6). Let m(i) = -5 + i + 2 - 1 - g*i. Calculate m(3).
-7
Let i(h) be the first derivative of 0*h**2 + 1/120*h**5 - 2 + 0*h + 1/24*h**4 - 1/3*h**3. Let w(p) be the third derivative of i(p). Determine w(-4).
-3
Suppose 3*m = -2 + 5. Let j(g) = 0 - 4*g - 10 - 10*g**2 + 1 - 30*g**2. Let c(d) = -10*d**2 - d - 2. Let a(o) = 9*c(o) - 2*j(o). Give a(m).
-11
Let x(c) = -c**3 + 5*c**2 - 4*c. Let q be x(4). Suppose -k - k + 4 = q. Suppose -k*h + 0*n + 4*n - 22 = 0, -2*n + 13 = -3*h. Let y(f) = -2*f**2 - f. Give y(h).
-1
Let m(o) be the first derivative of o**4/4 + 2*o**3 + 3*o**2 + o + 38. Calculate m(-5).
-4
Suppose 0 = x - 5, 3*l = 6*l + 5*x - 34. Suppose u = 0, -l*i + 18 = u - 4*u. Let p(k) = -i + 4 - k + 1. Calculate p(3).
-4
Let s(w) = 0*w**2 + 3 - 3*w**2 + 14*w**3 - 15*w**3 + 3*w. Let d be (12/(-9))/(2/6). Determine s(d).
7
Let a(i) be the first derivative of i**2 - 6*i + 0*i**2 + 5 - 7 + 1. Calculate a(5).
4
Let c(q) = q**3 - 6*q**2 + 2*q + 7. Suppose -i + 7 = 2. Calculate c(i).
-8
Let x(q) = 5*q - 3. Let v(o) = 24*o - 16. Let r(a) = -3*v(a) + 16*x(a). Suppose 2*j = -3*j + 25. Suppose 2*c - j = -3*c. Determine r(c).
8
Let w(q) = 3*q - 2*q + q - 3*q + 8. Give w(0).
8
Let g = -3 - -7. Let o(a) = -1 + 2 + 2*a + 3 - 6. Determine o(g).
6
Suppose -i + 8*i - 70 = 0. Let t(q) = q**2 - 11*q + 5. What is t(i)?
-5
Let p(u) = -u + 2. Suppose 5*i + z = 2*i + 119, -i = -5*z - 45. Suppose -5*t + 3*v + i = -2*v, 5 = 5*v. Suppose 3*d = 3*b + 8 + 1, -3*d = b - t. What is p(d)?
-1
Let a(p) = p**3 - p + 2. Suppose -7*r = -3*r - 36. Suppose -22 = 4*q - 2*q. Let t = q + r. Calculate a(t).
-4
Let l be 0 + 2 + 39*1. Let x = -11 + l. Let q be 1/(3/x*2). Let n(c) = -c + 6. Determine n(q).
1
Let a(w) = -w**3 + 2*w**2 - 3*w + 2. Let u(x) = x**3 + 5*x**2 + 3*x - 3. Let g be u(-4). Let d be a(g). Let q(f) = f**3 - f**2 - f - 1. Give q(d).
-1
Let k = 9 - 6. Let o(h) = h**2 - 1 + 4 - 3*h + 0 + 0. Give o(k).
3
Suppose 2*d + 12 = -d. Let i(z) be the second derivative of -z**6/720 - z**5/40 - z**4/4 + 2*z. Let o(s) be the third derivative of i(s). Give o(d).
1
Let x(n) be the first derivative of n**4/6 + n**3/3 - n**2/2 + 7*n + 3. Let a(w) be the first derivative of x(w). Calculate a(1).
3
Suppose 4*i = 2*z, -2*z - 3*i - 1 = -3*z. Let b be 6 - 6*z/(-4). Suppose t = 4*t - q - 10, -2*q - 2 = b*t. Let f(g) = -g**3 - g**2 + 2*g + 1. Give f(t).
-7
Let s(w) = -w**3 + 4*w**2 + 6*w - 2. Suppose 5*n - 3*i = -2*i + 25, 2*n = 5*i + 10. Let m be s(n). Suppose -m*t = t. Let g(c) = c + 6. Determine g(t).
6
Let y be (3/5)/((-1)/(-5)). Let z(h) = -h - 2 + y*h**2 + 7 - 6. Give z(-2).
13
Let o(s) = -4*s - 7. Let r(t) = -t. Let l(b) = -o(b) + 3*r(b). Calculate l(-7).
0
Let r(o) be the second derivative of o - 1/6*o**3 + 0 - 3/2*o**2. Calculate r(3).
-6
Let o(z) be the first derivative of -1/3*z**3 - 3*z + 2 + 3/2*z**2. Suppose s - 8 = -3*s. Determine o(s).
-1
Let s(b) = -3*b + 6. Let y = 22 - -2. Suppose 0*h - 19 = -3*k + 4*h, 5*k = -h + y. Let c be ((-4)/k)/((-2)/10). Determine s(c).
-6
Let k(b) = b**2 - 5*b - 6. Let p be -1 + 1 - -5 - 3. Suppose -4*d + x - 4*x = -33, -p*x = -5*d + 24. What is k(d)?
0
Suppose 0 = -3*s + 9, 10*k - 6*k - 4*s = -20. Let n(b) = b**3 + b**2 - 1. Let f be n(1). Let h(l) = 2*l - f - 3*l**2 + l**2 + 3*l**2. Determine h(k).
-1
Let o be (-3 - -1) + 0/5. Let z be (2 + o)/(0 - -2). Let a(i) = i + 2 + z*i + i. What is a(-2)?
-2
Let w(c) be the second derivative of c**5/20 + 5*c**4/12 - c**3 + 3*c**2 - 14*c. Suppose 3*b = b - 12. Determine w(b).
6
Let k(m) = -7*m**3 - 13*m**2 - 3*m - 1. Let c(b) = -4*b**3 - 7*b**2 - 2*b - 1. Let p(h) = -5*c(h) + 3*k(h). What is p(-4)?
-2
Let x(d) = 0*d - d - 3*d + 6 + 3*d. Give x(7).
-1
Let m(f) = 6*f**3 - 9*f**2 - 3*f. Let b(r) = -7*r**3 + 10*r**2 + 4*r - 1. Let v(x) = 5*b(x) + 6*m(x). Suppose -3*d - t = -11, -4*d = -2*d + 3*t - 5. Give v(d).
3
Suppose -3*n + 9 = -3*c, 3*n + 2*n + 2*c = -6. Let t(g) = -3*g**2 - 3*g + 2. Let q(k) = 4*k**2 + 4*k - 2. Let i(o) = -4*q(o) - 5*t(o). What is i(n)?
-2
Let q = 2 + -1. Let u(f) be the third derivative of -f**6/180 - f**5/60 + f**4/24 - 5*f**3/3 - 6*f**2. Let l(g) be the first derivative of u(g). Determine l(q).
-3
Let y = 3 - 1. Let p be 3/12 - (-13)/(-4). Let g = p + y. Let z(t) = -8*t**2. Calculate z(g).
-8
Let h = -9 - -13. Let i(l) = -2*l + 3 - 12 + 7 + h. Give i(-3).
8
Let g(q) = -q**2 + q - 1. Let z(p) = -4*p**2 + 9*p - 2. Let l(a) = 3*g(a) - z(a). Calculate l(6).
-1
Let y(m) = m**2 - 4*m + 2. Suppose 4*w = 8 + 4. Calculate y(w).
-1
Let a(s) = s**3 - 20 + 45 - 4*s**2 - 32 - 5*s. Give a(5).
-7
Let l be 2*(-4)/(-20)*25. Let q(b) = b**3 - 9*b**2 - 10*b + 3. Let o be q(l). Let x(n) = n**3 - 4*n**2 + 3*n - 2. What is x(o)?
-2
Let s = 24 - 21. Let y(l) = 2*l**2 - 2*l + 2. What is y(s)?
14
Let z(l) = -9*l**2 - 3*l + 5. Let p(y) = 8*y**2 + 2*y - 4. Suppose 3*g - 6*g + 3*w - 15 = 0, w - 13 = 3*g. Let j(q) = g*p(q) - 3*z(q). Determine j(-1).
-5
Suppose 0 = 2*v + 3*v - 25. Suppose -d + 3*x - 13 = 0, v*d + 4*x - 30 = -0*x. Let u(a) = 0*a + 3*a**d + a - 7*a**2 + 0*a**2. Calculate u(1).
-3
Let g = -22 + 22. Let i(m) = m**3 + g*m**2 - 5*m**2 - 2 + 7 + 2*m. Determine i(4).
-3
Let b(w) be the third derivative of -w**5/60 - w**4/12 + 21*w**2. What is b(-5)?
-15
Let n be ((-7)/(-4))/((-2)/8). Let g(r) = -10 - 63*r**3 + 62*r**3 + 16*r**2 + 7*r - 22*r**2. Determine g(n).
-10
Let u(y) be the third derivative of -6*y**2 + 0*y + 1/4*y**4 + 0 + 2/3*y**3. Give u(-3).
-14
Let a(t) = t**2. Suppose -5*s = -11*s - 6. Calculate a(s).
1
Let r(w) = 3*w + 3. Let o = 113 + -115. Determine r(o).
-3
Let s(z) = -z**2 - 6*z - 3.